{"id":691,"date":"2016-06-02T16:37:27","date_gmt":"2016-06-02T16:37:27","guid":{"rendered":"http:\/\/www.stephaniemenase.com\/?page_id=691"},"modified":"2024-10-06T12:23:48","modified_gmt":"2024-10-06T12:23:48","slug":"expositions","status":"publish","type":"page","link":"https:\/\/www.stephaniemenase.com\/?page_id=691","title":{"rendered":"Expositions (liste non exhaustive)"},"content":{"rendered":"<ul>\n<li>septembre 2024, \u00ab\u00a0Grigris\u00a0\u00bb &#8211; Galerie L. Mauguin, Paris 13e<\/li>\n<li>mai 2024 &#8211; Galerie L. Mauguin, Paris 13e<\/li>\n<li>d\u00e9cembre 2023 &#8211; Galerie L. Mauguin, Paris 13e<\/li>\n<li>mai 2023,\u00a0Biblioth\u00e8que Vagabonde,<em> F\u00eate de<\/em><em>\u00a0l&rsquo;estampe<\/em>, Beauvais<\/li>\n<li>mars 2023, Biblioth\u00e8que Vagabonde,<em> Le printemps des po\u00e8tes \u00ab\u00a0Fronti\u00e8res\u00a0\u00bb<\/em>, Galerie l&rsquo;Atelier, Paris 11e<\/li>\n<li>janvier 2023 &#8211; Galerie L. Mauguin, Paris 13e<\/li>\n<li>mars 2022 &#8211; Biblioth\u00e8que Vagabonde,<em> Le printemps des po\u00e8tes \u00ab\u00a0Eph\u00e9m\u00e8re\u00a0\u00bb<\/em>, Atelier A. Migne, Paris 11e<\/li>\n<li>janvier 2022 &#8211; Galerie L. Mauguin, Paris 13e<\/li>\n<li>mai 2021 &#8211; \u00ab\u00a0Composition-variation-\u00e9motion\u00a0\u00bb, Galerie L. Mauguin, Paris 13e<\/li>\n<li>mars 2021 &#8211; Biblioth\u00e8que Vagabonde,<em> Le printemps des po\u00e8tes<\/em>, Atelier \u00ab\u00a0Au 31\u00a0\u00bb, Montreuil<\/li>\n<li>d\u00e9cembre 2020 &#8211; Galerie L. Mauguin, Paris 13e<\/li>\n<li>mars 2020\u00a0&#8211; Biblioth\u00e8que Vagabonde,<em> Le printemps des po\u00e8tes \u00ab\u00a0Courage\u00a0\u00bb<\/em>, Atelier A. Migne, Paris 11e<\/li>\n<li>f\u00e9vrier 2020 &#8211; \u00ab\u00a0Hiver\u00a0\u00bb, Galerie L. Mauguin, Paris 13e<\/li>\n<li>juin 2019 &#8211; \u00ab\u00a0Gr\u00e8ce\u00a0\u00bb, Galerie L. Mauguin, Paris 13e<\/li>\n<li>mai 2019 &#8211; Biblioth\u00e8que Vagabonde,\u00a0<em>Le livre objet d&rsquo;art<\/em>, La Rochelle<\/li>\n<li>mars 2019 &#8211; Biblioth\u00e8que Vagabonde,<em> Le printemps des po\u00e8tes<\/em>, Librairie l\u2019Impromptu, Paris 11e<\/li>\n<li>d\u00e9cembre 2018 &#8211;\u00a0Galerie L. Mauguin,\u00a0Paris 13e<\/li>\n<li>octobre 2018 &#8211; Biblioth\u00e8que Vagabonde, Galerie M\u00e9nil&rsquo;8, Paris 20e<\/li>\n<li>juin 2018 &#8211;\u00a0Galerie L. Mauguin,\u00a0Paris 13e<\/li>\n<li>janvier 2018 &#8211;\u00a0Galerie L. Mauguin,\u00a0Paris 13e<\/li>\n<li>d\u00e9cembre 2017 &#8211; Galerie Kras, Vienne (Autriche)<\/li>\n<li>d\u00e9cembre 2017 &#8211; \u00ab\u00a0Taches et paysages\u00a0\u00bb,\u00a0Galerie L. Mauguin,\u00a0Paris 13e<\/li>\n<li>octobre 2017 &#8211; Galerie Kras, Vienne (Autriche)<\/li>\n<li>septembre 2017 &#8211;\u00a0Biblioth\u00e8que Vagabonde, <em>Le G\u00e9nie en libert\u00e9<\/em>,\u00a0\u00bbA c\u00f4t\u00e9\u00a0\u00bb, Paris 11e<\/li>\n<li>septembre 2017 &#8211; \u00ab\u00a0Fleurs et eau\u00a0\u00bb, Galerie L. Mauguin,\u00a0Paris 13e<\/li>\n<li>mars 2017, Biblioth\u00e8que Vagabonde, Galerie du G\u00e9nie \u00e0 la Bastille, Paris 11e<\/li>\n<li>f\u00e9vrier 2017 &#8211; \u00ab\u00a0Vues et vies\u00a0\u00bb, Maison des contes et des histoires,\u00a0Paris 4e<\/li>\n<li>septembre 2016 &#8211;\u00a0Libraire Tschann, Bd du Montparnasse, Paris 6e<\/li>\n<li>juin 2016 &#8211;\u00a0\u00ab\u00a0De\u00e7\u00e0-Del\u00e0\u00a0\u00bb, Weyer an der Enns (Autriche)<\/li>\n<li>juin 2016 &#8211;\u00a0Libraire Tschann, Bd du Montparnasse, Paris 6e<\/li>\n<li>novembre 2015 &#8211; \u00a0\u00ab\u00a0Chroniques\u00a0\u00bb, Bastille Design Center, Paris 20e<\/li>\n<li>octobre 2015 &#8211;\u00a0Salon d&rsquo;Automne, Paris 8e<\/li>\n<li>mars-avril 2015 &#8211; \u00a0Libraire Tschann, Bd du Montparnasse, Paris 6e<\/li>\n<li>entre <strong>1989 et 2015<\/strong>&#8211; nombreuses autres expositions personnelles et collectives<\/li>\n<\/ul>\n","protected":false},"excerpt":{"rendered":"<p>septembre 2024, \u00ab\u00a0Grigris\u00a0\u00bb &#8211; Galerie L. Mauguin, Paris 13e mai 2024 &#8211; Galerie L. Mauguin,&#8230;<\/p>\n","protected":false},"author":1,"featured_media":0,"parent":0,"menu_order":0,"comment_status":"closed","ping_status":"closed","template":"","meta":{"footnotes":""},"class_list":["post-691","page","type-page","status-publish","hentry"],"_links":{"self":[{"href":"https:\/\/www.stephaniemenase.com\/index.php?rest_route=\/wp\/v2\/pages\/691","targetHints":{"allow":["GET"]}}],"collection":[{"href":"https:\/\/www.stephaniemenase.com\/index.php?rest_route=\/wp\/v2\/pages"}],"about":[{"href":"https:\/\/www.stephaniemenase.com\/index.php?rest_route=\/wp\/v2\/types\/page"}],"author":[{"embeddable":true,"href":"https:\/\/www.stephaniemenase.com\/index.php?rest_route=\/wp\/v2\/users\/1"}],"replies":[{"embeddable":true,"href":"https:\/\/www.stephaniemenase.com\/index.php?rest_route=%2Fwp%2Fv2%2Fcomments&post=691"}],"version-history":[{"count":15,"href":"https:\/\/www.stephaniemenase.com\/index.php?rest_route=\/wp\/v2\/pages\/691\/revisions"}],"predecessor-version":[{"id":1221,"href":"https:\/\/www.stephaniemenase.com\/index.php?rest_route=\/wp\/v2\/pages\/691\/revisions\/1221"}],"wp:attachment":[{"href":"https:\/\/www.stephaniemenase.com\/index.php?rest_route=%2Fwp%2Fv2%2Fmedia&parent=691"}],"curies":[{"name":"wp","href":"https:\/\/api.w.org\/{rel}","templated":true}]}}