{"id":1300,"date":"2025-09-18T12:39:09","date_gmt":"2025-09-18T12:39:09","guid":{"rendered":"https:\/\/www.stephaniemenase.com\/?page_id=1300"},"modified":"2025-09-18T12:45:18","modified_gmt":"2025-09-18T12:45:18","slug":"publications-artistiques","status":"publish","type":"page","link":"https:\/\/www.stephaniemenase.com\/?page_id=1300","title":{"rendered":"Publications artistiques"},"content":{"rendered":"\n<ul class=\"wp-block-list\">\n<li><a href=\"https:\/\/www.blurb.fr\/b\/12542679-lecture-illustr-e-de-la-la-grande-dactylographie\" data-type=\"link\" data-id=\"https:\/\/www.blurb.fr\/b\/12542679-lecture-illustr-e-de-la-la-grande-dactylographie\"><em>Lecture illustr\u00e9e de<\/em> La Grande Dactylographie<em> de L. Wittgenstein<\/em><\/a>, fac-simil\u00e9, \u00e9d. l&rsquo;Attention, 2025, 30p. couverture souple<\/li>\n\n\n\n<li><a href=\"https:\/\/www.blurb.fr\/b\/11534929-yehuda-neiman-the-erotic-works\"><em>Yehuda Neiman, The Erotic Works<\/em><\/a>, \u00e9d. l&rsquo;Attention, 2023, couverture rigide, 80p.<\/li>\n\n\n\n<li><a href=\"https:\/\/www.blurb.fr\/b\/7258620-des-hauts-et-des-bas\"><em>Des Hauts et des bas, Chroniques<\/em><\/a>,&nbsp;ill. S. M\u00e9nas\u00e9 et po\u00e8mes A.-C. Vigier, \u00e9d. l&rsquo;Attention, 2016,&nbsp;24p.<\/li>\n\n\n\n<li><a href=\"https:\/\/www.blurb.fr\/b\/7095288-vues-et-vies\"><em>Vues et Vies. Exp\u00e9rience de lointain en vision rapproc<\/em>h\u00e9e<\/a>, ill.\u00a0S. M\u00e9nas\u00e9 et po\u00e8mes A.-C. Vigier, l&rsquo;Attention, 2015, 38p.<\/li>\n<\/ul>\n\n\n\n<p><\/p>\n","protected":false},"excerpt":{"rendered":"","protected":false},"author":1,"featured_media":1301,"parent":0,"menu_order":0,"comment_status":"closed","ping_status":"closed","template":"","meta":{"footnotes":""},"class_list":["post-1300","page","type-page","status-publish","has-post-thumbnail","hentry"],"_links":{"self":[{"href":"https:\/\/www.stephaniemenase.com\/index.php?rest_route=\/wp\/v2\/pages\/1300","targetHints":{"allow":["GET"]}}],"collection":[{"href":"https:\/\/www.stephaniemenase.com\/index.php?rest_route=\/wp\/v2\/pages"}],"about":[{"href":"https:\/\/www.stephaniemenase.com\/index.php?rest_route=\/wp\/v2\/types\/page"}],"author":[{"embeddable":true,"href":"https:\/\/www.stephaniemenase.com\/index.php?rest_route=\/wp\/v2\/users\/1"}],"replies":[{"embeddable":true,"href":"https:\/\/www.stephaniemenase.com\/index.php?rest_route=%2Fwp%2Fv2%2Fcomments&post=1300"}],"version-history":[{"count":3,"href":"https:\/\/www.stephaniemenase.com\/index.php?rest_route=\/wp\/v2\/pages\/1300\/revisions"}],"predecessor-version":[{"id":1306,"href":"https:\/\/www.stephaniemenase.com\/index.php?rest_route=\/wp\/v2\/pages\/1300\/revisions\/1306"}],"wp:featuredmedia":[{"embeddable":true,"href":"https:\/\/www.stephaniemenase.com\/index.php?rest_route=\/wp\/v2\/media\/1301"}],"wp:attachment":[{"href":"https:\/\/www.stephaniemenase.com\/index.php?rest_route=%2Fwp%2Fv2%2Fmedia&parent=1300"}],"curies":[{"name":"wp","href":"https:\/\/api.w.org\/{rel}","templated":true}]}}