{"id":237,"date":"2012-04-03T10:10:03","date_gmt":"2012-04-03T10:10:03","guid":{"rendered":"http:\/\/www.stephaniemenase.com\/?page_id=237"},"modified":"2019-04-19T09:12:09","modified_gmt":"2019-04-19T09:12:09","slug":"apropos","status":"publish","type":"page","link":"http:\/\/www.stephaniemenase.com\/?page_id=237","title":{"rendered":"Peinture"},"content":{"rendered":"<p>Je peins, depuis 1987, mais depuis 1999,\u00a0je travaille principalement sur un support d\u00e9licat, fin, poreux, le plus souvent provoqu\u00e9e par des \u00e9motions qui me traversent ou m&rsquo;envahissent, me portent ou me d\u00e9chirent, d&rsquo;humeurs, ou d&rsquo;envies de couleurs. Les meilleures expressions sont pour moi comparables \u00e0 des rencontres exceptionnelles, ces rencontres qui mettent au jour dans la vie des possibilit\u00e9s qui sans elles se seraient assoupies.<\/p>\n<p>Faire partager mes \u00e9motions, il peut s&rsquo;agir de pens\u00e9es, ou d&rsquo;exp\u00e9rience, expos\u00e9es sous un mode abstrait, ou plut\u00f4t non figuratif et non narratif. En les incarnant (ou en les interpr\u00e9tant)\u00a0dans ma peinture, j&rsquo;esp\u00e8re r\u00e9veiller\u00a0les sensibilit\u00e9s, provoquer\u00a0des mouvements. La forme abstraite est, il me semble, ce qui\u00a0permet le passage d&rsquo;une expression qui m&rsquo;est\u00a0singuli\u00e8re \u00e0 son partage ou \u00e0 son exp\u00e9rience par d&rsquo;autres.<\/p>\n<p>&nbsp;<\/p>\n<p>Inscrite \u00e0 la MDA<br \/>\nExpos\u00e9e r\u00e9guli\u00e8rement \u00e0 la <a href=\"http:\/\/www.editionslmauguin.fr\/Accueil\">Galerie L. Maugin<\/a><\/p>\n<p>Certaines des peintures pr\u00e9sent\u00e9es sur ce site font parties de collections particuli\u00e8res, mais de nombreuses autres sont visibles sur <a href=\"http:\/\/www.stephaniemenase.com\/?page_id=24\">rendez-vous<\/a>.<\/p>\n<p>***<\/p>\n<pre class=\"western\" lang=\"en\"><span style=\"color: #555555;\"><span style=\"font-family: Monaco, monospace, Courier, 'Courier New';\">I paint, since 1987, but since 1999, I work mainly on a delicate support, fine, porous, most often provocated by emotions that cross or invade me, wear me or tear me, moods, or color desires. The best expressions are for me comparable to exceptional encounters, these encounters which bring to light in life possibilities which without them would have fallen asleep.<\/span><\/span>\r\n<span style=\"color: #555555;\"><span style=\"font-family: Monaco, monospace, Courier, 'Courier New';\"><span lang=\"en\">To share my emotions, it can be thoughts, or experience, exposed in an abstract, or rather non-figurative and non-narrative way. By embodying them (or interpreting them) in my painting, I hope to awaken the sensibilities, to provoke movements. The abstract form is, it seems to me, what allows the passage of an expression which is singular to me to its sharing or its experience by others.<\/span><\/span><\/span><\/pre>\n<p>&nbsp;<\/p>\n","protected":false},"excerpt":{"rendered":"<p>Je peins, depuis 1987, mais depuis 1999,\u00a0je travaille principalement sur un support d\u00e9licat, fin, poreux,&#8230;<\/p>\n","protected":false},"author":1,"featured_media":0,"parent":0,"menu_order":0,"comment_status":"closed","ping_status":"closed","template":"","meta":{"footnotes":""},"class_list":["post-237","page","type-page","status-publish","hentry"],"_links":{"self":[{"href":"http:\/\/www.stephaniemenase.com\/index.php?rest_route=\/wp\/v2\/pages\/237","targetHints":{"allow":["GET"]}}],"collection":[{"href":"http:\/\/www.stephaniemenase.com\/index.php?rest_route=\/wp\/v2\/pages"}],"about":[{"href":"http:\/\/www.stephaniemenase.com\/index.php?rest_route=\/wp\/v2\/types\/page"}],"author":[{"embeddable":true,"href":"http:\/\/www.stephaniemenase.com\/index.php?rest_route=\/wp\/v2\/users\/1"}],"replies":[{"embeddable":true,"href":"http:\/\/www.stephaniemenase.com\/index.php?rest_route=%2Fwp%2Fv2%2Fcomments&post=237"}],"version-history":[{"count":11,"href":"http:\/\/www.stephaniemenase.com\/index.php?rest_route=\/wp\/v2\/pages\/237\/revisions"}],"predecessor-version":[{"id":957,"href":"http:\/\/www.stephaniemenase.com\/index.php?rest_route=\/wp\/v2\/pages\/237\/revisions\/957"}],"wp:attachment":[{"href":"http:\/\/www.stephaniemenase.com\/index.php?rest_route=%2Fwp%2Fv2%2Fmedia&parent=237"}],"curies":[{"name":"wp","href":"https:\/\/api.w.org\/{rel}","templated":true}]}}

<p>Je peins, depuis 1987, mais depuis 1999, je travaille principalement sur un support délicat, fin, poreux, le plus souvent provoquée par des émotions qui me traversent ou m&rsquo;envahissent, me portent ou me déchirent, d&rsquo;humeurs, ou d&rsquo;envies de couleurs. Les meilleures expressions sont pour moi comparables à des rencontres exceptionnelles, ces rencontres qui mettent au jour dans la vie des possibilités qui sans elles se seraient assoupies.</p>
<p>Faire partager mes émotions, il peut s&rsquo;agir de pensées, ou d&rsquo;expérience, exposées sous un mode abstrait, ou plutôt non figuratif et non narratif. En les incarnant (ou en les interprétant) dans ma peinture, j&rsquo;espère réveiller les sensibilités, provoquer des mouvements. La forme abstraite est, il me semble, ce qui permet le passage d&rsquo;une expression qui m&rsquo;est singulière à son partage ou à son expérience par d&rsquo;autres.</p>
<p>&nbsp;</p>
<p>Inscrite à la MDA<br />
Exposée régulièrement à la <a href="http://www.editionslmauguin.fr/Accueil">Galerie L. Maugin</a></p>
<p>Certaines des peintures présentées sur ce site font parties de collections particulières, mais de nombreuses autres sont visibles sur <a href="http://www.stephaniemenase.com/?page_id=24">rendez-vous</a>.</p>
<p>***</p>
<pre class="western" lang="en"><span style="color: #555555;"><span style="font-family: Monaco, monospace, Courier, 'Courier New';">I paint, since 1987, but since 1999, I work mainly on a delicate support, fine, porous, most often provocated by emotions that cross or invade me, wear me or tear me, moods, or color desires. The best expressions are for me comparable to exceptional encounters, these encounters which bring to light in life possibilities which without them would have fallen asleep.</span></span>
<span style="color: #555555;"><span style="font-family: Monaco, monospace, Courier, 'Courier New';"><span lang="en">To share my emotions, it can be thoughts, or experience, exposed in an abstract, or rather non-figurative and non-narrative way. By embodying them (or interpreting them) in my painting, I hope to awaken the sensibilities, to provoke movements. The abstract form is, it seems to me, what allows the passage of an expression which is singular to me to its sharing or its experience by others.</span></span></span></pre>
<p>&nbsp;</p>

<p>Je peins, depuis 1987, mais depuis 1999, je travaille principalement sur un support délicat, fin, poreux,&#8230;</p>
